 1297548?
True
Is 52880 a multiple of 8?
True
Is 203 a factor of 345303?
True
Is 22087 a multiple of 2?
False
Is 93930 a multiple of 62?
True
Is 653 a factor of 30220187?
True
Is 114589 a multiple of 16?
False
Is 86989 a multiple of 119?
True
Does 121 divide 39588?
False
Does 42 divide 79716?
True
Is 298 a factor of 298707?
False
Is 34459 a multiple of 320?
False
Is 9736869 a multiple of 51?
True
Does 13 divide 87533?
False
Is 39 a factor of 6708000?
True
Is 9 a factor of 6913846?
False
Is 4775147 a multiple of 697?
True
Is 6 a factor of 3378653?
False
Does 51 divide 3075588?
False
Is 84 a factor of 2907345?
False
Is 10 a factor of 128263?
False
Does 212 divide 803906?
False
Is 19305289 a multiple of 22?
False
Is 538501 a multiple of 599?
True
Is 317727 a multiple of 387?
True
Is 255 a factor of 65790?
True
Is 86224 a multiple of 16?
True
Does 8 divide 602467?
False
Is 3478191 a multiple of 37?
False
Is 66 a factor of 216480?
True
Does 15 divide 233895?
True
Is 146 a factor of 134174?
True
Does 9 divide 919593?
True
Is 267880 a multiple of 20?
True
Is 1897719 a multiple of 313?
True
Is 246197 a multiple of 15?
False
Is 15 a factor of 174980?
False
Is 8 a factor of 275624?
True
Is 634 a factor of 5200?
False
Does 357 divide 349860?
True
Is 101784 even?
True
Is 19616870 a multiple of 35?
True
Is 2721492 a multiple of 339?
True
Is 1329 a factor of 644288?
False
Does 10 divide 14624190?
True
Is 679072 a multiple of 14?
False
Is 13 a factor of 18728684?
True
Is 358749 a multiple of 13?
False
Does 23 divide 3155942?
False
Is 2763700 a multiple of 15?
False
Is 886 a factor of 12926542?
False
Is 12800 a multiple of 40?
True
Is 40 a factor of 10368?
False
Is 140 a factor of 1256220?
True
Is 12184 a multiple of 58?
False
Is 117 a factor of 498600?
False
Is 236014 a multiple of 88?
False
Is 36 a factor of 36540?
True
Is 69 a factor of 24702?
True
Does 840 divide 886707?
False
Is 52 a factor of 21384064?
True
Is 34 a factor of 11356?
True
Is 282877 a multiple of 111?
False
Is 14 a factor of 343840?
True
Is 317 a factor of 2272195?
False
Is 326529 a multiple of 71?
True
Does 50 divide 267200?
True
Is 212118 a multiple of 4?
False
Is 51 a factor of 382556?
False
Is 12 a factor of 97445?
False
Does 3 divide 2197413?
True
Does 45 divide 1672?
False
Is 21 a factor of 10542?
True
Is 1535874 a multiple of 137?
False
Does 6 divide 30729?
False
Does 358 divide 970180?
True
Does 206 divide 1247536?
True
Is 4 a factor of 193210?
False
Is 12 a factor of 35005?
False
Is 473893 a multiple of 7?
True
Does 14 divide 339828?
False
Is 245272 a multiple of 92?
True
Is 1417838 a multiple of 146?
False
Is 148562 a multiple of 4?
False
Is 249 a factor of 95367?
True
Does 194 divide 638511?
False
Is 299865 a multiple of 175?
False
Is 65 a factor of 721044?
False
Is 8801275 a multiple of 122?
False
Is 171 a factor of 69597?
True
Does 24 divide 5306956?
False
Is 523110 a multiple of 42?
True
Is 363 a factor of 1417987?
False
Is 115793 a multiple of 188?
False
Is 191 a factor of 77928?
True
Is 13 a factor of 20064?
False
Is 5 a factor of 225630?
True
Is 4184 a multiple of 26?
False
Does 74 divide 106250?
False
Does 6 divide 1332222?
True
Is 42 a factor of 4755737?
False
Is 10033653 a multiple of 399?
True
Is 46 a factor of 132158?
True
Is 33 a factor of 116457?
True
Is 4213301 a multiple of 23?
True
Does 18 divide 703016?
False
Does 27 divide 38853?
True
Is 2965712 a multiple of 4?
True
Does 20 divide 13538?
False
Is 366929 a multiple of 47?
True
Is 2 a factor of 1245502?
True
Is 66 a factor of 136422?
True
Is 220 a factor of 117417?
False
Does 170 divide 274720?
True
Does 5 divide 760430?
True
Is 331 a factor of 1293134?
False
Is 21 a factor of 1895901?
True
Is 2570456 a multiple of 56?
True
Is 3955027 a multiple of 1372?
False
Is 3 a factor of 409387?
False
Does 60 divide 82183?
False
Is 589 a factor of 295490?
False
Does 23 divide 21525748?
False
Is 10 a factor of 376780?
True
Is 14657788 a multiple of 88?
False
Is 8 a factor of 1914696?
True
Is 159 a factor of 19173434?
False
Does 54 divide 16740?
True
Is 16 a factor of 230201?
False
Is 64 a factor of 93575?
False
Is 4001796 a multiple of 63?
False
Is 228232 a multiple of 8?
True
Is 21 a factor of 2184084?
True
Does 590 divide 121540?
True
Is 90 a factor of 173880?
True
Is 50 a factor of 2392532?
False
Is 30 a factor of 102180?
True
Is 166 a factor of 9044?
False
Is 303 a factor of 8057376?
True
Does 19 divide 4908053?
False
Is 77 a factor of 3694768?
True
Does 5 divide 15775?
True
Is 24332 a multiple of 158?
True
Is 172181 a multiple of 13?
False
Is 81500 a multiple of 4?
True
Is 241794 a multiple of 202?
True
Does 24 divide 447449?
False
Is 288269 a multiple of 31?
True
Is 828138 a multiple of 606?
False
Is 17976 a multiple of 28?
True
Is 28 a factor of 678776?
True
Is 11 a factor of 1116565?
False
Does 26 divide 15901418?
True
Does 4 divide 426101?
False
Is 5 a factor of 37339?
False
Does 546 divide 773447?
False
Is 317 a factor of 246626?
True
Is 193 a factor of 30301?
True
Does 8 divide 1118451?
False
Is 18 a factor of 10597809?
False
Does 51 divide 14229?
True
Does 23 divide 7755943?
False
Is 3 a factor of 594207?
True
Does 22 divide 252318?
True
Is 138 a factor of 196098?
True
Is 393856 a multiple of 34?
True
Is 15 a factor of 630300?
True
Does 17 divide 74349?
False
Is 2 a factor of 21466?
True
Is 19450 a multiple of 50?
True
Does 349 divide 1209949?
False
Is 2044814 a multiple of 277?
True
Does 78 divide 1518504?
True
Is 3498840 a multiple of 8?
True
Is 116653 a multiple of 5?
False
Does 167 divide 2493477?
True
Is 7256973 a multiple of 35?
False
Is 101 a factor of 58479?
True
Does 501 divide 1320135?
True
Does 203 divide 2324959?
True
Does 228 divide 10453836?
False
Is 24 a factor of 377040?
True
Does 111 divide 18481?
False
Is 13908467 a multiple of 258?
False
Does 174 divide 1276290?
True
Is 275 a factor of 853050?
True
Is 1119 a factor of 1242090?
True
Is 850001 a multiple of 37?
True
Is 23875218 a multiple of 1985?
False
Is 4 a factor of 2445136?
True
Is 1744836 a multiple of 28?
False
Is 29 a factor of 519187?
True
Is 3927 a multiple of 33?
True
Does 376 divide 14123446?
False
Is 1811674 a multiple of 15?
False
Does 12 divide 81111?
False
Is 16116530 a multiple of 52?
False
Is 32 a factor of 82940?
False
Does 17 divide 106090?
False
Is 161 a factor of 202018?
False
Is 56851 a multiple of 430?
False
Is 2300161 a multiple of 23?
True
Is 311232 a multiple of 132?
False
Is 469489 a multiple of 13?
False
Is 17934 a multiple of 61?
True
Does 441 divide 218514?
False
Is 3647539 a multiple of 721?
True
Is 269552 a multiple of 16?
True
Is 784 a factor of 7124992?
True
Is 1977016 a multiple of 421?
True
Is 468074 a multiple of 379?
False
Is 37 a factor of 937301?
False
Is 22 a factor of 278498?
True
Does 58 divide 54636?
True
Is 1189 a factor of 2641958?
True
Is 9 a factor of 410562?
True
Is 9939579 a multiple of 43?
True
Is 8 a factor of 103612?
False
Is 723299 a multiple of 33?
False
Is 27 a factor of 161551?
False
Is 339829 a multiple of 161?
False
Is 110 a factor of 839897?
False
Is 35 a factor of 105420?
True
Is 413146 a multiple of 11?
False
Is 13 a factor of 886873?
True
Is 55186 a multiple of 56?
False
Is 18 a factor of 773658?
True
Is 11823 a multiple of 39?
False
Does 11 divide 3093123?
True
Does 24 divide 8248040?
False
Is 13755479 a multiple of 10?
False
Is 137 a factor of 1220259?
True
Is 142 a factor of 17248969?
False
Does 33 divide 84216?
True
Is 294042 even?
True
Does 37 divide 692640?
True
Does 1265 divide 4236485?
True
Is 261 a factor of 103891?
False
Does 26 divide 299052?
True
Is 198873 a multiple of 19?
True
Does 115 divide 11719?
False
Is 127312 a multiple of 73?
True
Is 2157468 a multiple of 10?
False
Is 13 a factor of 109044?
True
Does 234 divide 646308?
True
Is 477986 a multiple of 53?
False
Does 297 divide 1002969?
True
Is 14090225 a multiple of 18?
False
Is 42 a factor of 9396996?
True
Is 11 a factor of 5672480?
True
Is 483 a factor of 10054128?
True
Does 92 divide 2800323?
False
Is 14 a factor of 116984?
True
Does 14 divide 24944?
False
Does 747 divide 753723?
True
Does 227 divide 35866?
True
Is 8896860 a multiple of 84?
True
Is 57 a factor of 95475?
True
Does 111 divide 1236147?
False
Is